/(1/(-5)). What is the units digit of v/n*(8 + 2)?
5
Let n(f) = 2*f**2 + 3*f + 3. Let b be n(-2). Suppose -b*i = -36 + 11. What is the units digit of i?
5
Suppose -5*n + 6 + 0 = 3*v, -2*n - 4*v + 8 = 0. Suppose -2*y + 2*a + 2 - 18 = 0, n = -5*y - 3*a - 8. What is the units digit of ((-6)/y)/((-6)/(-16))?
4
Let j = 3 + -3. Suppose j*z + z = 0. Suppose 0*p + p - 4 = z. What is the units digit of p?
4
Suppose y - 4*y = 0. Suppose 4*c + y*c = 56. What is the tens digit of c?
1
Let q(g) = g**3 - 5*g**2 + 2*g - 5. Let v be q(5). Suppose 2*r + 5*d = 35, -3*r - v*d = -6*r - 10. Let o = -3 + r. What is the units digit of o?
2
Suppose w + 5*p = -17, -3*p - 5 = 3*w - 2. Suppose 6 = -w*c + 5*c. What is the units digit of c?
3
Let y be ((-1)/(-2))/((-11)/(-110)). Suppose y*f = -0*f + 155. What is the tens digit of f?
3
Let n(t) be the third derivative of 2*t**2 + 0 + 0*t + 1/24*t**4 - 1/6*t**3. What is the units digit of n(2)?
1
What is the tens digit of 18/(4 - 22/6)?
5
Suppose -6*g = -4*g + 14. Let c = g - -1. Let b = c - -11. What is the units digit of b?
5
Let s(q) = 3*q**2 + 3*q + 3. Let y be s(-2). What is the tens digit of 339/y + 1/3?
3
Let m(r) = 2*r**2 + 3*r + 4. What is the units digit of m(4)?
8
Let g(w) = -42*w - 47. What is the units digit of g(-7)?
7
Let b be (3 + (-10)/4)*4. Suppose -3*y + b*r + 14 = 0, -2*y + 3*r = -3*y + 1. What is the units digit of y?
4
Suppose 4*a - s + 2*s - 236 = 0, 0 = 4*a - 2*s - 236. What is the units digit of a?
9
Suppose -t + 4*j + 2 = 0, 0*j + 4 = j. Suppose -6*i = -4*i - t. Let b = i - 5. What is the units digit of b?
4
Let j(r) = 3*r + 8. Let d(a) = -a - 2. Let v(q) = 18*d(q) + 4*j(q). What is the units digit of v(-3)?
4
Let c(j) = -j**3 - 3*j. Let q(x) = -x**2 - 6*x - 3. Let n be q(-4). Let z(i) = -i**3 + i**2 - 3*i. Let m(r) = n*z(r) - 4*c(r). What is the units digit of m(3)?
9
Suppose -7*t + 312 = -3*t. What is the tens digit of t?
7
Suppose 3*d + 0*d - 87 = 0. What is the tens digit of d?
2
Let v(y) = y**2 - y + 2. Let n be v(0). Let a(u) = u**3 - u**2 + 4*u - 3. What is the units digit of a(n)?
9
Let m(w) = w + 7. Let j be m(-5). Suppose 0 = a - j - 8. Let f = -4 + a. What is the units digit of f?
6
Let x = 14 + -10. Suppose c + c = x. What is the units digit of c?
2
Let t = -5 + 5. What is the tens digit of (-2 + 1 + t)*-11?
1
Suppose -51 = -s + 4*o, 54 = -3*s - 2*o + 207. Suppose -4*b - s = -7*b. What is the units digit of b?
7
Suppose o + 1 = -4. What is the tens digit of (23/(-2))/(o/10)?
2
Let m(i) = -i**2 + 4*i + 2. Let b be m(4). What is the units digit of 1/1 - (-29 - b)?
2
Let g be 1 - (2*-1 - 1). Let d = 6 - g. What is the units digit of (0 - (-10)/d)*1?
5
Suppose -2*n = -0*n + 3*g - 43, -4*g + 64 = 3*n. What is the tens digit of 128/n*(-15)/(-6)?
1
Let z(h) = 10*h + 7. What is the tens digit of z(5)?
5
Suppose g = m + 4 - 2, 0 = -m + 5*g - 18. Suppose 2*o + 2*o = 3*b + 189, 5*o - m*b = 245. What is the tens digit of o?
5
Suppose 3*c + 3*x - 81 = 0, -4*c + 2*x = -123 + 33. Let z = -11 + c. What is the tens digit of z?
1
Let a be (48/40)/((-6)/(-20)). Suppose a*f - 39 = 9. What is the tens digit of f?
1
Suppose 0 = -m + 5*m - 264. Let k be 2/(-6) + m/(-18). Let q = k - -8. What is the units digit of q?
4
Let b = 13 + -8. Suppose -3*p + 2 = 2*u + 4, 0 = -b*p - 20. Suppose -t + u = -4. What is the units digit of t?
9
Let v(q) = 7*q**2 + 3*q**3 + q**3 - 5*q**3 - 2*q + 3 - 1. What is the tens digit of v(6)?
2
Suppose -2*u + 141 = -7*u + 3*r, 0 = -r - 3. Suppose 0 = -3*x + 2*f + 41 + 90, 0 = 4*x - 2*f - 176. Let q = x + u. What is the tens digit of q?
1
Let n(a) = 14*a**2 - a. Let c be n(1). Let y = 15 - c. What is the units digit of y?
2
Suppose -2*s - 12 + 70 = 0. What is the units digit of s?
9
Let v(k) = -k + 4. Let w be v(0). Let g = 4 - -1. Suppose -z + 3 + 2 = q, -g*q - w*z = -24. What is the units digit of q?
4
Let d(m) = -m**2 + 10*m - 12. Let y be d(8). Suppose 0*p + p = 3, y*l = 5*p + 65. What is the tens digit of l?
2
What is the tens digit of (-101)/(-3) - 5/(-30)*2?
3
Let n = -12 - -10. Let y = 0 - 1. What is the units digit of 5 + (-3 - y) + n?
1
Let r(i) = i**3 - 6*i**2 - 9*i + 9. Let c be r(7). What is the units digit of (-57)/(-15) - 1/c?
4
What is the units digit of (-6)/1*(-14)/42?
2
Let b(h) = h**3 + 9*h**2 - h - 5. What is the units digit of b(-9)?
4
Let j(b) = -b**3 - 4*b**2 - 4*b - 2. What is the units digit of j(-5)?
3
Suppose 8*m - 740 = 4*m. What is the units digit of m?
5
Let f = 43 - 29. What is the tens digit of f?
1
Suppose -5*p = -2*i - 66, 5*p + 2*i + 0*i = 54. What is the units digit of 12*(-3)/p*-2?
6
Let m(l) = -l**2 + 4*l + 3. Let c be m(4). Suppose c*i = 2*i + 4. Let d(p) = -p**2 + 6*p + 3. What is the tens digit of d(i)?
1
Suppose 3*l - 39 = -0*l. What is the tens digit of l?
1
Let w be 2 + (-1 - 2) + 1. Suppose -r + 6 + w = 0. Suppose -g + r*g = 40. What is the units digit of g?
8
Suppose 0 = -2*v - 4*u + 16, -2*v - u - 41 = -4*v. Let s = v - 28. Let c = s - -18. What is the units digit of c?
8
Let t(q) = 10*q - 2. What is the tens digit of t(3)?
2
Let a = 30 - 4. What is the units digit of a?
6
Let d(n) = 5*n**2 - 5 - 2 + 6 + n. Let i be d(3). What is the units digit of 2/7 + i/7?
7
Suppose 3*h - 2*h - 135 = 0. What is the tens digit of h?
3
Let g(v) be the third derivative of v**6/120 - v**5/15 + v**4/6 + v**3/3 + v**2. Suppose 9*d + d = 40. What is the units digit of g(d)?
8
Suppose 2*w + 27 = 3. Let m = 19 + w. Suppose -m*q + 50 = -2*q. What is the units digit of q?
0
Let c(v) = 2*v**3 + 6*v**2 - 5*v - 2. Let o be (-6)/4*(-8)/6. Let i(f) = f**3 + 6*f**2 - 5*f - 3. Let y(u) = o*c(u) - 3*i(u). What is the units digit of y(5)?
5
What is the tens digit of ((-1)/(-1))/((-242)/122 - -2)?
6
Suppose -5*m + 3*m + 156 = 0. What is the tens digit of m?
7
Suppose -3*i - 268 = -5*i. What is the tens digit of i?
3
Let n(v) = -v**2 + 3*v - 2. Let f be n(2). Let g = f + 0. Suppose 0 = -g*c + 5*c - 45. What is the units digit of c?
9
Let t = -5 + 9. Let k be t + 1 - (1 + -1). Suppose 6 = p - k*n, 5*p + 4*n + 8 - 38 = 0. What is the units digit of p?
6
Suppose -8*g - 109 = -9*g. What is the tens digit of g?
0
What is the units digit of (20/(-8))/(5/(-12))?
6
Let n = -5 - -6. Suppose z + n = 21. What is the tens digit of z?
2
Suppose -106 = -2*r - 14. What is the units digit of r?
6
Suppose 0 = -4*o - 2*i + 22, -4*i + i + 17 = 2*o. Suppose -3*n + 2*v + 12 = -n, 0 = -3*n - o*v - 3. What is the units digit of n?
3
Suppose -3*n + 12 + 33 = 0. Suppose -n - 37 = -4*y. What is the tens digit of y?
1
Let j(t) = 160*t**3 + t**2 - t. What is the hundreds digit of j(1)?
1
Suppose -y + 3*y + d = 7, 3*y + 2 = d. Let p be 0*y/(-2)*-2. Suppose p = 2*i - 5*i + 33. What is the units digit of i?
1
Suppose 5*i = 21 + 184. What is the tens digit of i?
4
Let a(t) be the third derivative of t**6/120 - t**5/30 + t**4/12 - t**3/3 - 3*t**2. Let p be a(2). Let z(u) = 5*u**2 - 4*u + 2. What is the tens digit of z(p)?
1
Suppose 7*r = 9*r - 60. What is the tens digit of r?
3
Let g(u) be the first derivative of 2*u**2 - 11*u + 6. What is the tens digit of g(10)?
2
Let x(f) = -f**3 + 7*f + 8. What is the units digit of x(-5)?
8
Let v(f) = 15*f - 25. What is the units digit of v(8)?
5
Let h = -24 - -8. What is the units digit of (-2)/3*(h + 1)?
0
Let v(j) = 5*j**3 + j. What is the units digit of v(2)?
2
Suppose 4*r + 56 = 276. Let x = -38 + r. Suppose 5*f - 13 = -2*u, 5*u + x = 5*f + 3*u. What is the units digit of f?
3
What is the tens digit of -7*((-2)/(-6) - (-1011)/(-63))?
1
Suppose -o + 56 = 3*o - 2*r, 0 = 4*o + 2*r - 64. Suppose -5*m + 0*a - 2*a + 75 = 0, -m + o = -3*a. What is the tens digit of m?
1
Let t(d) = -4*d + 28. What is the tens digit of t(-15)?
8
Let q be (-3 + 2)/((-1)/50). Let z = q - 27. What is the tens digit of z?
2
Let a(t) = 5*t + 4. What is the units digit of a(5)?
9
Suppose 2*m + 18 = m. Let n = 16 - m. What is the units digit of n?
4
Let d(r) = r**3 - 7*r**2 + 7*r - 2. Let i be d(7). Let h = -30 + i. What is the units digit of h?
7
Let b = 132 + -75. What is the units digit of b?
7
Let a = 28 - -83. What is the hundreds digit of a?
1
Let m = 8 - 6. Suppose -u = m*u - 15. Suppose 0*g - u*g = -35. What is the units digit of g?
7
Let i be (-4 + 7)*8/6. Let f be ((-10)/i)/(4/8).